(-5 - -329)/((-2)/(4/(-2)))?
2, 3
Let u(o) = -o**2 - o - 1. Let b(s) = s**3 - 4*s + 9. Let p(m) = -b(m) - 4*u(m). Let q be p(5). Suppose -i + q = i. List the prime factors of i.
5
Let p = -6 - -6. Let l(s) = -s**2 + 5*s. Let b be l(3). Suppose 3*o - b - 6 = p. List the prime factors of o.
2
Let w = 23 - 7. What are the prime factors of (-55)/(-2)*w/10?
2, 11
Suppose n = 2*n - 4. Suppose 5*k - 39 - 72 = -n*i, 41 = 3*k - 4*i. What are the prime factors of k?
19
Let x be (-2)/5 - 94/(-10). Let y be x/(-6) - (-6)/4. Suppose -p = -y*p - 8. What are the prime factors of p?
2
Suppose 0 = 25*x - 21*x - 308. What are the prime factors of x?
7, 11
Suppose -3*z - 51 = -5*l - 21, 4*z = 0. Suppose a + 14 = -v, 4*v + 3*a = -58 + l. List the prime factors of (v/(-8))/((-4)/(-16)).
5
Let y(m) = -m**2 - 9*m + 13. Let b be (-85)/10 - 2/4. List the prime factors of y(b).
13
Let u be 60/16 + (-1)/(-4). Let j be 552/20 - u/(-10). Suppose -j + 88 = 5*y. List the prime factors of y.
2, 3
List the prime factors of ((-161)/14 - -9)*(-56)/10.
2, 7
Let y(i) = -2*i + 4*i + 9*i**2 - 6*i**2 - 3 - i**3. Let l = 2 - -1. List the prime factors of y(l).
3
Suppose -5*b = -0*b. Suppose b = o + 4*o. Suppose o = 5*t + 3*w - 11, -3*t - 3 = 5*w - 0. What are the prime factors of t?
2
Let d(l) = -2*l**2 - 4*l. Let m be d(4). Let c = 14 - 23. What are the prime factors of (c/(-6))/((-9)/m)?
2
Suppose -177 = -4*u + 3*o, -o + 123 = 3*u - 0*o. List the prime factors of u.
2, 3, 7
Let x = -5 - -7. Suppose 3*j + x*j - 4*o = 15, 0 = 4*j - 2*o - 18. List the prime factors of ((-2)/j)/(1/(-7)).
2
Suppose 2*q + 0*q = -h + 100, q + h = 49. List the prime factors of q.
3, 17
Suppose 7*d = 11*d - 40. List the prime factors of d.
2, 5
Suppose -3*j = -x - j + 83, -4*x - 4*j + 308 = 0. What are the prime factors of x?
79
Let p = -42 + 187. List the prime factors of p.
5, 29
Let b(o) = -o**3 - o + 7. Let w be b(0). Suppose -v + 4 = -w. List the prime factors of v.
11
Suppose 15 = 3*k - 3*r + 8*r, 0 = -2*k - 2*r + 6. Let u be (-3 - k)/((-6)/14). What are the prime factors of (-60)/(-14) + (-2)/u?
2
Let x(y) = y**3 + 9*y**2 - 10*y - 6. Let t be x(-10). Let n = 1 - t. List the prime factors of n.
7
Suppose 0 = 4*p - 365 - 99. What are the prime factors of p?
2, 29
Let v(r) be the third derivative of r**5/60 + r**4/8 + r**3/2 - 2*r**2. Let s be v(-2). Suppose t - 5 + s = 0. What are the prime factors of t?
2
Let u = 25 - 13. Let l = 2 + u. Suppose 0 = 3*x - t - l, -x + 2*x - 2*t = 8. List the prime factors of x.
2
Suppose -j = 1 - 4. Let n = 8 - j. What are the prime factors of n?
5
Let r be (-4)/(0/(-3) + 1). Let o(k) = k**3 + k**2 - 6*k - 6. Let b be o(r). Let s = -18 - b. List the prime factors of s.
2, 3
Let p be 2 - 2 - (-1 - 0). Let z = 3 - p. What are the prime factors of (0 - (-9)/6)*z?
3
Suppose -3*x + 5*x = -3*g + 10, 0 = 2*g. Suppose 4*k = 2*k + 6, x*p = 5*k + 5. What are the prime factors of p + (3 - 6) - -4?
5
Suppose 2*v - 32 = 3*p - p, -4*v + 61 = -3*p. Let l be -2*-2*(-1)/(-4). Suppose y - 3*f = l, -3*y + 0*y + 4*f + v = 0. What are the prime factors of y?
7
Suppose 10*j - j = 828. List the prime factors of j.
2, 23
Let h = 5 + -3. Let k(c) = -c**3 + 3*c**2 - 2*c - 1. Let r be k(h). Let x(o) = -5*o. What are the prime factors of x(r)?
5
Suppose -3*x - 2*k + 25 = 0, 3*x + 2*x - 46 = k. Let i = x - 5. List the prime factors of i.
2
Suppose -2*t - 5 = 3*y, -22 = -6*t + t + 4*y. Suppose t*j - 6 = -16. Let d = 10 - j. List the prime factors of d.
3, 5
Suppose -4*k - 5*r + 267 = -0*k, 0 = -5*k - r + 318. What are the prime factors of k?
3, 7
Let n = 137 - 84. Let p = n + -36. List the prime factors of p.
17
Suppose 5*f = -15 - 10, 5*f = 4*o - 185. What are the prime factors of o?
2, 5
Let a(z) = -z + 2. Let d = -13 + 8. Let k be a(d). Suppose 3*j - k = 2. What are the prime factors of j?
3
Suppose -5*b - 20 = 3*x, -2*b + x - 5*x + 6 = 0. Let g = 8 - b. What are the prime factors of g?
3, 5
Let k(t) = t**2 + 7*t + 6. Let d be k(-6). Suppose d = -w + 2*w - 2*l - 4, 5*w - 42 = -l. What are the prime factors of w?
2
Let b(i) = i**2 - 10*i - 8. Let g be b(11). Suppose g*n = 34 + 32. List the prime factors of n.
2, 11
List the prime factors of (7 + -4 + 212)/1.
5, 43
Suppose 62 = -0*y + 2*y. Let m = y - 19. Suppose 18 = 5*a - m. List the prime factors of a.
2, 3
Suppose 0 = -4*q - 4*o - 28, 0 = -2*q - 3*o - 6 - 7. List the prime factors of 44/(-5)*20/q.
2, 11
Let u(f) = f**2 - 5*f - 9. What are the prime factors of u(-4)?
3
Let k(w) = 9*w**3 + 2*w**2 - 5*w + 3. What are the prime factors of k(2)?
73
Let x(z) = 11*z**2 - 5*z + 13. What are the prime factors of x(3)?
97
Let w(m) = -m**3 - 27*m**2 - 39*m - 26. What are the prime factors of w(-26)?
2, 3, 13
Let f = 253 - 82. What are the prime factors of f?
3, 19
Let p(m) = 4*m + 1. Let x be (-3)/2*12/(-18). Let o be p(x). Let i = 0 + o. What are the prime factors of i?
5
Let f(p) = p**2 - 6*p + 3. Suppose 3*k - 2*k = 6. Let s be f(k). Suppose 0 = -3*u - c + 21, -u + s*c = -c - 20. What are the prime factors of u?
2
Let w(i) = 3*i + 62. What are the prime factors of w(0)?
2, 31
Let o(d) = 3 - d**2 - 5 - 2 - 6*d. Suppose -3*z = -z + 8. List the prime factors of o(z).
2
Let a = 248 + -172. What are the prime factors of 3 + 1 + a/4?
23
Suppose -3*t - d + 346 = 0, -550 = 3*t - 8*t + 5*d. What are the prime factors of t?
2, 3, 19
Let w be 1471/2 - 2/4. Suppose 5*z - 2645 + w = 3*g, 0 = -2*g + z - 1264. List the prime factors of 2/(-13) + g/(-39).
2
Suppose 4*t = 3*t + 26. List the prime factors of t.
2, 13
Let b = 14 - 10. Suppose -b*i + 9 = u - 2*u, 4*i = -4*u + 24. List the prime factors of u.
3
Suppose 2*m = -h - 2*h - 1, 0 = 2*h - 3*m + 18. Let d be ((-1)/h - 1)*-3. Let o(l) = 2*l + 2. List the prime factors of o(d).
2, 3
Suppose 0 = -2*x + 45 + 1. Suppose -4*v - 44 = -2*q, -3*v - x = -3*q + 2*q. List the prime factors of (-3 + q/6)*21.
7
Let m = -41 - -77. List the prime factors of m.
2, 3
Let p = 97 - 2. Suppose -6*x + p = -x. List the prime factors of x.
19
Let z = 31 + -4. What are the prime factors of z?
3
Suppose 0*v - 5*v + 15 = 0. Suppose 108 = 3*g - v*m, 3*g + 2*m + m = 102. List the prime factors of g.
5, 7
Suppose 16 = 8*t - 4*t. Suppose 1 = u - t. Suppose 21 = 4*s - u*k, s + k = 2*s - 5. List the prime factors of s.
2
Let u be (-3)/((-9)/2)*3. Let g be (2/(-3))/(u/(-12)). Suppose -g*z = 10 - 46. List the prime factors of z.
3
Suppose 4*b = t - 10, -2*t - b + 0 = -29. What are the prime factors of t?
2, 7
Let a(n) = -n**2 - n - 5. Let x be a(-4). Let l = -4 - x. What are the prime factors of l?
13
Suppose -5*v + 0*v - 115 = 0. What are the prime factors of v/(-1)*1/1?
23
Let m(a) be the third derivative of a**5/60 - 5*a**4/24 - 2*a**3/3 + 8*a**2. What are the prime factors of m(-5)?
2, 23
Let n(j) = j - 3. Let c be n(-7). Let f(w) = -w - 7. Let i be f(c). Suppose 4*k - 20 = -2*m, 5*m + 13 = i. List the prime factors of k.
2, 3
Let s be (2/5)/(2/10). Suppose d = s + 8. What are the prime factors of d?
2, 5
Let q(b) be the third derivative of -b**4/24 + b**3/2 - 2*b**2. Let j be q(0). Let w(c) = c**2 - 3*c + 4. List the prime factors of w(j).
2
Let i(n) = 2*n**3 + 14*n**2 - n - 1. List the prime factors of i(-7).
2, 3
Let q(d) = -d**3 - 4*d**2 + 8*d - 1. List the prime factors of q(-6).
23
Suppose m - 5*y = 79, -3*m + 5*y = -290 + 83. List the prime factors of m.
2
Let w = 403 + -286. What are the prime factors of w?
3, 13
Let t = -25 + 16. Let m = 16 + t. Let o = -1 + m. List the prime factors of o.
2, 3
Let v be 6/(-27) + 87/27. What are the prime factors of (50/(-4))/(v/(-6))?
5
Suppose 0 = -5*g + 18 + 2. Suppose -2*o - 6 = 4*q, 0 = -2*q + 5*o + 18 - 3. Let u = g + q. What are the prime factors of u?
2
Suppose 2*b - 4*b - 2*c = -38, c = 5*b - 101. What are the prime factors of b?
2, 5
Let o(g) = g**2 + 4*g + 7. What are the prime factors of o(-5)?
2, 3
Let h be 12/(-66) + 233/11. Suppose 0*g + h = 3*g. What are the prime factors of g?
7
Let x = -2 + 5. What are the prime factors of 27 - (x - (-3 + 3))?
2, 3
Suppose t + 3 = 0, 5*o - 1477 = 3*t - 4*t. List the prime factors of o.
2, 37
Let u = -15 + 3. What are the prime factors of (62/3)/((-8)/u)?
31
Let w be 5*(6/5 - -1). Suppose 0 = 4*r - 20, -3*g + 1 - w = -5*r. List the prime factors o